{"id":140,"date":"2018-06-11T18:21:42","date_gmt":"2018-06-11T16:21:42","guid":{"rendered":"https:\/\/onpartenvrac-drive.com\/?page_id=140"},"modified":"2025-10-21T08:56:22","modified_gmt":"2025-10-21T06:56:22","slug":"comment-ca-marche","status":"publish","type":"page","link":"https:\/\/onpartenvrac-drive.com\/index.php\/comment-ca-marche\/","title":{"rendered":"Comment \u00e7a marche ?"},"content":{"rendered":"<section class=\"how-to-page\">\n<div class=\"container\">\n<div class=\"row\">\n<div class=\"col-sm-6 col-sm-offset-3\">\n<h2 class=\"module-title font-alt howto-banners\">Fonctionnement<\/h2>\n<\/div>\n<\/div>\n<div class=\"row\">\n<div class=\"col-sm-8 col-sm-offset-2\" style=\"text-align: center;\">\n<h4>Pas le temps de passer au march\u00e9 pour faire vos courses ?<br \/>\nOn part en vrac a la solution en un clic :<\/h4>\n<h4>commandez vos articles sur le site<\/h4>\n<h4>et venez retirer votre commande dans un <a href=\"https:\/\/onpartenvrac-drive.com\/index.php\/points-retrait\/\">point retrait<\/a> ou au <a href=\"https:\/\/onpartenvrac-drive.com\/index.php\/points-retrait\/\" target=\"_blank\" rel=\"noopener noreferrer\">march\u00e9<\/a>,<\/h4>\n<h4>ou faites vous livrer \u00e0 domicile sur la m\u00e9tropole Lilloise pour les commandes de plus de 50 euros !<\/h4>\n<\/div>\n<\/div>\n<div class=\"row\">\n<div class=\"col-sm-8 col-sm-offset-2\" style=\"text-align: justify;\">\n<h4>Tous les produits sont vendus dans des contenants consign\u00e9s entre 1\u20ac et 2\u20ac :<\/h4>\n<ul>\n<li>\n<h4>bocaux en verre<\/h4>\n<\/li>\n<li>\n<h4>sacs \u00e0 vrac<\/h4>\n<\/li>\n<li>\n<h4>bouteilles en verre&#8230;<\/h4>\n<\/li>\n<\/ul>\n<\/div>\n<div class=\"col-sm-8 col-sm-offset-2\" style=\"text-align: center;\">\n<h4>Et lorsque vous restituez les contenants,<\/h4>\n<h4>vous obtenez un cr\u00e9dit consigne \u00e0 d\u00e9duire de votre prochaine commande !<\/h4>\n<h4>Facile non ?!<\/h4>\n<\/div>\n<div class=\"col-sm-8 col-sm-offset-2\" style=\"text-align: center;\">\n<h4>Pour le retour consigne, c&rsquo;est facile aussi : au march\u00e9, dans les points retraits,<\/h4>\n<h4>ou lors de la livraison suivante \u00e0 domicile.<\/h4>\n<\/div>\n<div class=\"col-sm-8 col-sm-offset-2\" style=\"text-align: center;\">\n<h4>M\u00eame pas besoin de les nettoyer, on s&rsquo;occupe de tout dans les r\u00e8gles de l&rsquo;art,<\/h4>\n<h4>euh pardon, dans les r\u00e8gles d&rsquo;hygi\u00e8ne.<\/h4>\n<\/div>\n<\/div>\n<\/div>\n<\/section>\n<section id=\"consigne\" class=\"how-to-page\">\n<div class=\"container\">\n<div class=\"row\">\n<div class=\"col-sm-6 col-sm-offset-3\">\n<h2 class=\"module-title font-alt howto-banners\">Consigne<\/h2>\n<\/div>\n<\/div>\n<div class=\"row\">\n<div class=\"half-row\">\n<div class=\"content-half\"><img decoding=\"async\" data-src=\"https:\/\/onpartenvrac-drive.com\/wp-content\/uploads\/2018\/07\/P1060297.jpg\" alt=\"Consigne\" src=\"data:image\/gif;base64,R0lGODlhAQABAAAAACH5BAEKAAEALAAAAAABAAEAAAICTAEAOw==\" class=\"lazyload\" style=\"--smush-placeholder-width: 4000px; --smush-placeholder-aspect-ratio: 4000\/3000;\" \/><\/div>\n<\/div>\n<div class=\"half-row\">\n<div class=\"content-half\">\n<p>La consigne des emballages pour r\u00e9utilisation a \u00e9t\u00e9 pratiquement abandonn\u00e9e en France dans les ann\u00e9es 80. Pourtant, elle constitue une mesure de choix face aux d\u00e9fis environnementaux et \u00e9conomiques.<\/p>\n<p>On reste donc dans la d\u00e9marche en vous la proposant pour les commandes en ligne depuis 2018 !<\/p>\n<p>On adapte le contenant au contenu :<\/p>\n<ul>\n<li>Pour le riz, les p\u00e2tes, l\u00e9gumes secs&#8230; on consigne un sac \u00e0 vrac apte au contact alimentaire.<\/li>\n<li>Pour les biscuits ap\u00e9ro, fruits secs&#8230;on consigne un bocal en verre.<\/li>\n<li>Pour l&rsquo;huile et le vinaigre, on consigne une bouteille en verre \u00e0 bouchon m\u00e9canique.<\/li>\n<li>Pour les produits d&rsquo;entretien&#8230;on consigne les bouteilles adapt\u00e9es aux produits d&rsquo;entretien.<\/li>\n<\/ul>\n<p>A chaque produit, son contenant !<\/p>\n<p>Le prix de la consigne varie entre 1\u20ac et 2\u20ac, elle vous est restitu\u00e9e au retour de celle-ci.<\/p>\n<p><strong>Petite particularit\u00e9<\/strong> pour l&rsquo;huile et le vinaigre et les sirops,\u00a0 la consigne co\u00fbte 2\u20ac et le retour consigne est de 1\u20ac.<\/p>\n<p>Nous vous invitons \u00e0 privil\u00e9gier le remplissage au camion pour ce type de produit.<\/p>\n<\/div>\n<\/div>\n<\/div>\n<\/div>\n<\/section>\n","protected":false},"excerpt":{"rendered":"<p>Fonctionnement Pas le temps de passer au march\u00e9 pour faire vos courses ? On part en vrac a la solution en un clic : commandez vos articles sur le site et venez retirer votre commande dans un point retrait ou au march\u00e9, ou faites vous livrer \u00e0 domicile sur la m\u00e9tropole Lilloise pour les commandes [&hellip;]<\/p>\n","protected":false},"author":1,"featured_media":9339,"parent":0,"menu_order":0,"comment_status":"closed","ping_status":"closed","template":"template-fullwidth.php","meta":{"_acf_changed":false,"footnotes":""},"class_list":["post-140","page","type-page","status-publish","has-post-thumbnail","hentry"],"acf":[],"_links":{"self":[{"href":"https:\/\/onpartenvrac-drive.com\/index.php\/wp-json\/wp\/v2\/pages\/140","targetHints":{"allow":["GET"]}}],"collection":[{"href":"https:\/\/onpartenvrac-drive.com\/index.php\/wp-json\/wp\/v2\/pages"}],"about":[{"href":"https:\/\/onpartenvrac-drive.com\/index.php\/wp-json\/wp\/v2\/types\/page"}],"author":[{"embeddable":true,"href":"https:\/\/onpartenvrac-drive.com\/index.php\/wp-json\/wp\/v2\/users\/1"}],"replies":[{"embeddable":true,"href":"https:\/\/onpartenvrac-drive.com\/index.php\/wp-json\/wp\/v2\/comments?post=140"}],"version-history":[{"count":1,"href":"https:\/\/onpartenvrac-drive.com\/index.php\/wp-json\/wp\/v2\/pages\/140\/revisions"}],"predecessor-version":[{"id":17880,"href":"https:\/\/onpartenvrac-drive.com\/index.php\/wp-json\/wp\/v2\/pages\/140\/revisions\/17880"}],"wp:featuredmedia":[{"embeddable":true,"href":"https:\/\/onpartenvrac-drive.com\/index.php\/wp-json\/wp\/v2\/media\/9339"}],"wp:attachment":[{"href":"https:\/\/onpartenvrac-drive.com\/index.php\/wp-json\/wp\/v2\/media?parent=140"}],"curies":[{"name":"wp","href":"https:\/\/api.w.org\/{rel}","templated":true}]}}