{"id":18132,"date":"2026-03-11T23:07:38","date_gmt":"2026-03-11T22:07:38","guid":{"rendered":"https:\/\/onpartenvrac-drive.com\/?post_type=product&#038;p=18132"},"modified":"2026-04-10T08:14:38","modified_gmt":"2026-04-10T06:14:38","slug":"cafe-honduras-100-arabica-torrefie-a-marseille-bio-equitable-moulu","status":"publish","type":"product","link":"https:\/\/onpartenvrac-drive.com\/index.php\/produit\/cafe-honduras-100-arabica-torrefie-a-marseille-bio-equitable-moulu\/","title":{"rendered":"Caf\u00e9 Honduras 100% Arabica torr\u00e9fi\u00e9 \u00e0 Marseille &#8211; Bio &#038; \u00e9quitable &#8211; MOULU"},"content":{"rendered":"","protected":false},"excerpt":{"rendered":"","protected":false},"featured_media":2537,"template":"","meta":{"_acf_changed":false},"product_brand":[],"product_cat":[412],"product_tag":[],"class_list":{"0":"post-18132","1":"product","2":"type-product","3":"status-publish","4":"has-post-thumbnail","6":"product_cat-cafe-the-sirop","8":"first","9":"outofstock","10":"shipping-taxable","11":"purchasable","12":"product-type-variable"},"acf":[],"_links":{"self":[{"href":"https:\/\/onpartenvrac-drive.com\/index.php\/wp-json\/wp\/v2\/product\/18132","targetHints":{"allow":["GET"]}}],"collection":[{"href":"https:\/\/onpartenvrac-drive.com\/index.php\/wp-json\/wp\/v2\/product"}],"about":[{"href":"https:\/\/onpartenvrac-drive.com\/index.php\/wp-json\/wp\/v2\/types\/product"}],"wp:featuredmedia":[{"embeddable":true,"href":"https:\/\/onpartenvrac-drive.com\/index.php\/wp-json\/wp\/v2\/media\/2537"}],"wp:attachment":[{"href":"https:\/\/onpartenvrac-drive.com\/index.php\/wp-json\/wp\/v2\/media?parent=18132"}],"wp:term":[{"taxonomy":"product_brand","embeddable":true,"href":"https:\/\/onpartenvrac-drive.com\/index.php\/wp-json\/wp\/v2\/product_brand?post=18132"},{"taxonomy":"product_cat","embeddable":true,"href":"https:\/\/onpartenvrac-drive.com\/index.php\/wp-json\/wp\/v2\/product_cat?post=18132"},{"taxonomy":"product_tag","embeddable":true,"href":"https:\/\/onpartenvrac-drive.com\/index.php\/wp-json\/wp\/v2\/product_tag?post=18132"}],"curies":[{"name":"wp","href":"https:\/\/api.w.org\/{rel}","templated":true}]}}